- -1) + (3 - -4 - 6)
1
Calculate -3 + (1 + -4 + 2 - 1).
-5
What is 1 - -3 - 2 - (-5 - -3)?
4
What is the value of 131 + -116 + -11 + 1?
5
Calculate -9 + 0 - (-1 - -4 - 7).
-5
(-3 - -2) + -1 - 3
-5
Evaluate 2 - 7 - (-3 - -1).
-3
What is (-1 - 5) + 3 + 2?
-1
What is -5 - -3 - (-2 - 9)?
9
What is 7 + 0 + 2 + -9 - 1?
-1
Calculate (-6 - -7) + -1 + 1 + 0.
1
Evaluate (0 - 1) + 8 + -5.
2
Calculate 4 - (2 + -6 - (1 + -8)).
1
What is the value of -4 - (9 + -10 - 7)?
4
What is 0 + 9 + -6 - -5?
8
What is -2 + 3 - (-1 + (0 - -1))?
1
Evaluate -3 - (4 + -5 - 8).
6
Calculate 17 + -22 + 6 + 1.
2
What is -7 + (3 - (0 + -3))?
-1
Calculate -2 - (-5 - (-2 - 0) - -3).
-2
What is 1 + (11 - 12) + (-2 - 6)?
-8
What is 7 - (3 + (4 - 5))?
5
Evaluate (-2 + -2 - -8) + -4 + 1.
1
6 - (-2 + -1 + 3)
6
What is (-24 - -25) + (0 - -7) + -9?
-1
Calculate (1 - 3 - -12) + -28 + 22.
4
6 - 7 - ((-2 - -3) + 3)
-5
-4 - (-1 + (-4 - (-5 + -1)))
-5
What is 2 - ((-7 - -11) + -10)?
8
What is 17 + -7 - (1 + 0 + 4)?
5
What is the value of 6 + 5 + -22 + 3?
-8
Evaluate 12 - (6 + 1) - (3 + 2).
0
What is 1 + 1 - (17 + -11) - -1?
-3
Calculate 4 + 5 + -5 + -3.
1
What is the value of -1 - (1 + 1 - -1) - -8?
4
Evaluate 0 - (3 - (4 + -4)) - -6.
3
Evaluate 4 - -4 - (-1 + 4).
5
What is the value of -3 + -3 - (-5 + 1) - -2?
0
Calculate 12 + (1 - 2) + -6.
5
What is the value of -3 + (-4 - -12) - (0 - -1)?
4
Evaluate (-1 - 1) + 4 - (4 + -2).
0
Calculate 5 + (-3 - 10 - -6).
-2
What is 2 + 0 + 0 + (0 - 3)?
-1
Evaluate (-7 - -20) + -19 - (-5 - 2).
1
What is 5 - (-3 + 2) - (1 - -2)?
3
1 + 0 + (-12 - -15)
4
What is the value of -4 - (-6 - (2 - (0 + 3)))?
1
Calculate -4 + 1 - -4 - 2.
-1
Evaluate (5 + -4 + 14 - 6) + -5.
4
Calculate 2 - (-1 - (-2 + -3)).
-2
What is the value of 8 + 5 + (5 - 11)?
7
What is the value of 3 + 2 + -1 + -1 + -8?
-5
What is (3 - 1) + 0 + 1 - 0?
3
Evaluate 2 - ((-6 - -2) + (0 - -2)).
4
Calculate (-5 - -2) + 6 + -1.
2
What is 7 + (-7 - 7) - 3?
-10
Calculate (-2 - (-6 - 0)) + -7.
-3
-7 + (-2 - -2 - -7) - 0
0
(8 - (10 + -3 + -4)) + -3
2
What is -6 - -11 - 4 - 2?
-1
Evaluate -3 - (-9 + 1) - (3 - 0).
2
Calculate ((4 - -2) + 3 - 4) + -1.
4
7 + -9 - (1 - (-1 - -1))
-3
What is the value of 38 - 31 - (3 - (2 - 2))?
4
6 + -1 + 1 + 2 + -1
7
-4 + (-10 - -16) + 0 + 1
3
What is 0 + 9 + -4 + 0?
5
What is the value of 1 + (-3 - (-4 + -1))?
3
What is (-5 - 1) + 29 + -29 - -8?
2
Evaluate 12 + (-17 - (-1 - 4)).
0
What is -4 + 2 + 4 + -3 + -2?
-3
Evaluate (-4 - -5) + -1 + 1 - 2.
-1
Calculate 9 + -29 + 9 - -5.
-6
Calculate -9 + 1 + (-15 - -19).
-4
2 + 0 + -2 - -4
4
What is 2 + -7 + 10 - 10?
-5
Calculate 1 + -3 + (-2 - -8) + -5.
-1
Evaluate (4 + -12 - -3) + 7.
2
What is the value of 3 + (0 - (0 + (-4 - -4)))?
3
0 - -1 - (19 + -16)
-2
What is 2 + 0 + (6 - 10)?
-2
Calculate (1 - -4) + (6 - 9) + -6.
-4
What is the value of -6 - (-12 + (9 - -2 - 5))?
0
What is 7 + (2 - -4) + -11?
2
Evaluate -9 + (6 + 9 + -5 - 3).
-2
Evaluate (-8 - (-6 - -1)) + -2.
-5
What is -2 + 9 - (14 - 10)?
3
-1 + -19 - (10 - 21)
-9
What is 6 + (-3 - (11 - 4))?
-4
-2 - 1 - (31 - 34)
0
What is (1 - 1 - (-3 + 0)) + 2?
5
Calculate 1 - ((0 - -2) + 1 - 3).
1
Calculate 31 + -38 - (-4 + 1).
-4
Evaluate 1 + (0 - 0 - -3).
4
3 - ((-3 - (-2 + 4)) + 3)
5
What is -5 - (1 + 3) - -5?
-4
What is -2 + 4 + (1 - 3)?
0
Evaluate 13 - (8 + -11 + 24).
-8
What is (1 - 11) + (7 - 1)?
-4
Calculate -15 - -10 - (-7 + 4).
-2
Evaluate -1 + -1 - (-2 - 2).
2
What is (7 - 4) + (-5 - -2 - -2)?
2
What is the value of (-6 + 8 - 5) + 5?
2
11 + (-29 - -14) + (-5 - -1)
-8
10 + -3 + -9 + -5
-7
(2 - 7) + 9 + -2 + 0
2
What is the value of -4 - (7 + 1) - (-1 - 5)?
-6
What is the value of 7 + -4 + 6 + -5?
4
Evaluate (12 - 6) + -7 - 4.
-5
What is the value of -3 - -2 - (13 - 10)?
-4
What is the value of (11 - -3) + (-6 - 3)?
5
(9 - -2) + 169 + -171
9
What is 10 + (6 - (5 - (0 - 4)))?
7
What is -11 + 5 + -2 + 6?
-2
What is -4 + 3 + -2 - (30 + -37)?
4
Evaluate 4 + -10 - (-1 - 6) - -3.
4
Evaluate -7 - (1 - (-4 - 1) - 9).
-4
What is -2 + -3 - -11 - 6?
0
What is the value of 13 - 16 - (-3 - (-2 + -2))?
-4
What is the value of 5 - (3 + 4 - 2)?
0
Evaluate 4 + -1 + 8 + (-20 - -5).
-4
Calculate 4 - 1 - 1 - 3.
-1
Evaluate (-2 - 6) + 2 - (-9 - 0).
3
-6 + 0 - (2 - 4)
-4
What is the value of -4 + 4 - -4 - 7?
-3
What is 48 + -50 - (3 - (0 - -2))?
-3
6 - (10 + -2 + -4)
2
What is the value of -6 + (9 - -1) + (-3 - 1)?
0
Calculate 1 - (4 - (-4 + 3)).
-4
Calculate -6 + 21 + (4 - (-5 - -16)).
8
Calculate 0 - 0 - ((-9 - 3) + 16).
-4
What is (1 - 1) + (23 - 19)?
4
Calculate (2 - (-8 + 1) - 8) + 2.
3
-3 + -2 + 1 + (0 - -3)
-1
What is the value of (-7 - -6 - -5) + -6?
-2
-7 - -13 - (0 - -4)
2
Calculate 20 + -19 + -5 + (0 - -1).
-3
(-14 - -8) + -6 + 15
3
What is the value of -2 + 5 - 0 - 2?
1
What is -7 - (-1 + 4 + -6 + 1)?
-5
Evaluate -1 - ((4 - (4 + -4)) + 0).
-5
Evaluate 0 + -1 + 28 + -21.
6
3 - (2 + 1 + -3 - 1)
4
Calculate 0 + 9 + (-18 - -3).
-6
Calculate (51 - 42) + -5 + 0.
4
Evaluate 3 + (-2 - (-1 - 3) - 1).
4
Evaluate 17 - 3 - 4 - 7 - 6.
-3
Calculate -15 + 13 + 3 + (2 - 1).
2
Evaluate -6 + (-23 - -26 - (-1 - -2)).
-4
What is -1 - -4 - (-194 - -193)?
4
Evaluate -6 + -3 + 7 - 2.
-4
-7 - ((-20 - -14) + 2 + 1)
-4
What is 12 - (1 + 0 + 6 + -2)?
7
-3 + 4 + -6 + 2
-3
What is the value of -3 - (0 - (6 + -3) - -1)?
-1
Evaluate -2 + 3 + 4 + -1 + -5.
-1
What is the value of (-1 - -5) + -4 + -1?
-1
What is 0 - (6 - (2 + -1))?
-5
What is -10 - (-13 - (-7 + 13))?
9
Calculate (-24 - -22) + -1 + 5.
2
1 + (-1 - (3 + 0 + -1))
-2
Evaluate 1 - (-3 - -4) - (3 - -1).
-4
Calculate -1 - (-2 - (-5 - -9)) - 2.
3
5 + -10 + (10 - -3)
8
Evaluate 243 - 244 - (-5 - (2 + -1)).
5
What is the value of (0 - 4) + (-1 - -8) + -2?
1
What is the value of -10 + 16 - (-5 + 0)?
11
-1 + -2 + 0 + 4
1
Evaluate -2 - -3 - (16 - 5 - 9).
-1
What is -2 + 1 + (5 + -3 - 3)?
-2
12 + -6 + 3 - 6
3
What is the value of 8 + -19 + 11 - 1?
-1
Calculate (-5 - -11) + 0 + 4.
10
1 + -7 + 6 - -5 - 12
-7
Evaluate (8 - 12) + 4 - (1 + 5).
-6
Evaluate -10 + 4 + -2 - 0.
-8
What is -6 + (2 - 3 - -6)?
-1
Calculate (21 + -22 - (1 - -4)) + 3.
-3
What is 1 + 0 + -6 - (1 - -4)?
-10
What is the value of -20 + 21 - (6 + 2)?
-7
What is -13 - (-10 + 1 + -13)?
9
What is the value of (3 - 8) + 4 + 1 + 6?
6
What is -6 + (-1 - (0 + (1 - 5)))?
-3
What is -4 + 8 - (0 + 2)?
2
What is the value of 16 + -14 - (1 - 4)?
5
What is -4 + 0 + 1 + 2 - -3?
2
What is -4 + 4 + (9 - 5)?
4
Evaluate 5 + (-2 - 1) + -9 - -2.
-5
What is the value of 8 - 0 - (-40 - -45)?
3
Calculate 0 - 11 - (1 - (-18 - -24)).
-6
Calculate (-2 - -6) + (-4 - -6).
6
(-3 - -1 - -7) + -8
-3
(-1 - 0 - -12) + 1 + -6
6
What is the value of 0 + 5 - (16 + -7 + -7)?
3
-2 - (-7 + 0 + 2 + 5)
-2
(-6 - 0) + 4 + -13 + 7
-8
What is 3 - 0 - (18 + -6 + -7)?
-2
Calculate 0 - (7 + 1 - 4).
-4
What is 2 - (1 - (2 + 2))?
5
Calculate -4 + (4 - 0 - 2).
-2
Calculate (-16 - (1 + -7)) + 17.
7
Calculate (-4 - -4) + (-1 - -5 - 2).
2
What is the value of -4 + (5 + -4 - -5) + -3?
-1
Calculate 2 + -3 + (3 - 1).
1
(-8 + 5 - 2) + 5
0
(-56 - -50) + (-1 - -1) + 4
-2
Calculate 0 + -3 + (-4 - (0 + -2)).
-5
-6 - (-13 - (-7 + 2))
2
3 + -2 + 0 - (-14 - -10)
5
Calculate 0 + (0 - 2) + (-10 - -14).
2
(5 - (5 + 0)) + 2 + -6
-4
Evaluate 6 + -1 + -1 + 1 - 12.
-7
Calculate 80 + -70 - (-1 + 9) - 8.
-6
Evaluate -6 + (-3 + 9 - -3) - 8.
-5
What is 2 - 7 - (4 - 6) - 3?
-6
Evaluate 11 + -2 + -20 - -15.
4
Calculate 9 + -11 + 4 + 0.
2
What is the value of -5 - (0 - (6 - 2))?
-1
Calculate -4 + (6 + 6 - 2) - 2.
4
Evaluate 5 + 2 + 2 + -7 - 4.
-2
What is the value of -5 - 3 - (-7 - 2)?
1
What is the value of -7 + 4 + 10 - 4?
3
What is -3 + 4 - (1 + (-3 - -1))?
2
Calculate 2 + -5 + 10 + -3.
4
-1 + (2 - 4) + 5
2
Calculate 230 + -212 - (-1 + 15).
4
Evaluate -2 - (-3 + (-2 - (-4 - 3))).
-4
Evaluate (1 + (-2 - 0) - 4) + 9.
4
Evaluate 0 + -2 + 0 + 1 + -1.
-2
What is the value of 0 + (3 - (-6 - -12))?
-3
(2 - (-7 - -11)) + (1 - -2)
1
Evaluate -10 + -1 + (13 - 5).
-3
What is the value of -6 - 3 - ((17 - 8) + -11)?
-7
8 - (4 - 0) - (0 - -2)
2
(-3 - -3) + -2 + 0
-2
Evaluate -2 + 6 - (1 - -5).
-2
-4 + -4 + -5 + (9 - -2)
-2
Calculate (-3 - 6 - -3) + 5.
-1
Calculate 4 + (5 - 10) + 6 - 6.
-1
What is (7 - (9 - 13)) + -7?
4
What is the value of -5 + 12 + 4 + -8?
3
What is -3 + 6 + (3 - 3) - 3?
